{"id":24471,"date":"2023-10-09T15:25:06","date_gmt":"2023-10-09T15:25:06","guid":{"rendered":"https:\/\/denuncias.pt\/audiqcer\/?page_id=24471"},"modified":"2023-11-22T11:09:10","modified_gmt":"2023-11-22T11:09:10","slug":"ficha-tecnica","status":"publish","type":"page","link":"https:\/\/denuncias.pt\/mda\/p\/protecao-de-denunciantes\/ficha-tecnica\/","title":{"rendered":"Ficha T\u00e9cnica"},"content":{"rendered":"\n<h2 class=\"wp-block-heading\">Ficha T\u00e9cnica<\/h2>\n\n\n\n<p><strong>Ficha T\u00e9cnica do S\u00edtio Eletr\u00f3nico&nbsp;<a href=\"https:\/\/www.simoldes.com\/\">www.simoldes.com<\/a><\/strong><\/p>\n\n\n\n<p>Ficha T\u00e9cnica: ficha de informa\u00e7\u00e3o sobre os elementos de identifica\u00e7\u00e3o institucional do s\u00edtio eletr\u00f3nico <a href=\"http:\/\/www.simoldes.com\">www.simoldes.com<\/a>, das suas carater\u00edsticas gerais e as formas ou condi\u00e7\u00f5es de utiliza\u00e7\u00e3o.<\/p>\n\n\n\n<p><strong>Data de Ativa\u00e7\u00e3o<\/strong><\/p>\n\n\n\n<p>O s\u00edtio eletr\u00f3nico&nbsp;<a href=\"https:\/\/www.simoldes.com\/\">www.simoldes.com<\/a>&nbsp;foi ativado a 17 de setembro de 2021.<\/p>\n\n\n\n<p><strong>Registo do Dom\u00ednio<\/strong><\/p>\n\n\n\n<p>O dom\u00ednio <a href=\"http:\/\/www.simoldes.com\">www.simoldes.com<\/a> est\u00e1 registado pela pessoa coletiva Simoldes Pl\u00e1sticos, SA, com o n\u00famero de identifica\u00e7\u00e3o de pessoa coletiva 501 220 267.<\/p>\n\n\n\n<p><strong>Propriedade do S\u00edtio<\/strong><\/p>\n\n\n\n<p>O s\u00edtio eletr\u00f3nico&nbsp;<a href=\"https:\/\/www.simoldes.com\/\">www.simoldes.com<\/a>&nbsp;\u00e9 tamb\u00e9m propriedade da Simoldes Pl\u00e1sticos, SA, com o n\u00famero de identifica\u00e7\u00e3o de pessoa coletiva 501 220 267.<\/p>\n\n\n\n<p><strong>Identifica\u00e7\u00e3o Institucional<\/strong><\/p>\n\n\n\n<p>A pessoa coletiva Simoldes Pl\u00e1sticos, SA, \u00e9 uma sociedade an\u00f3nima constitu\u00edda em Portugal, com sede na Rua Comendador Ant\u00f3nio da Silva Rodrigues, N\u00ba165, Zona Industrial 3720-502 Oliveira de Azem\u00e9is, cujo n\u00famero de identifica\u00e7\u00e3o fiscal \u00e9 PT501 220 267.<\/p>\n\n\n\n<p><strong>Contactos Institucionais<\/strong><\/p>\n\n\n\n<p>A Simoldes possui os seguintes canais de comunica\u00e7\u00e3o:<br>\u2013 Telefone geral: (+351) 256 661 100;<br>\u2013 Correio eletr\u00f3nico geral:&nbsp;<a href=\"mailto:mail@simoldes.com\">mail@simoldes.com<\/a>.<\/p>\n\n\n\n<p><strong>S\u00edtio Eletr\u00f3nico da Simoldes<\/strong><\/p>\n\n\n\n<p>O s\u00edtio eletr\u00f3nico da Simoldes est\u00e1 acess\u00edvel em&nbsp;<a href=\"https:\/\/www.simoldes.com\/\">www.simoldes.com<\/a>.<\/p>\n\n\n\n<p><strong>Contacto do Encarregado da Prote\u00e7\u00e3o de Dados<\/strong><\/p>\n\n\n\n<p>O Encarregado da Prote\u00e7\u00e3o de Dados da propriet\u00e1ria do s\u00edtio eletr\u00f3nico pode ser contactado atrav\u00e9s do endere\u00e7o de correio eletr\u00f3nico&nbsp;<a href=\"mailto:protecaodedados@simoldes.com\">protecaodedados@simoldes.com<\/a>.<\/p>\n\n\n\n<p><strong>Contacto do Respons\u00e1vel pela Seguran\u00e7a<\/strong><\/p>\n\n\n\n<p>O Respons\u00e1vel pela Seguran\u00e7a da propriet\u00e1ria do s\u00edtio eletr\u00f3nico pode ser contactado atrav\u00e9s do endere\u00e7o de correio eletr\u00f3nico&nbsp;<a href=\"mailto:protecaodedados@simoldes.com\">protecaodedados@simoldes.com<\/a>.<\/p>\n\n\n\n<p><strong>Contacto do Administrador de Sistemas<\/strong><\/p>\n\n\n\n<p>O Administrador de Sistemas da propriet\u00e1ria do s\u00edtio eletr\u00f3nico pode ser contactado atrav\u00e9s do endere\u00e7o de correio eletr\u00f3nico&nbsp;<a href=\"mailto:protecaodedados@simoldes.com\">protecaodedados@simoldes.com<\/a>.<\/p>\n\n\n\n<p><strong>Pol\u00edtica de Prote\u00e7\u00e3o de Dados<\/strong><\/p>\n\n\n\n<p>A Pol\u00edtica de Prote\u00e7\u00e3o de Dados est\u00e1 acess\u00edvel&nbsp;<a href=\"https:\/\/simoldes.com\/tools\/politica-de-privacidade\/\">aqui<\/a>.<\/p>\n\n\n\n<p><strong>Responsabilidade Editorial pelos Conte\u00fados<\/strong><\/p>\n\n\n\n<p>O desenvolvimento dos conte\u00fados das p\u00e1ginas publicadas no s\u00edtio eletr\u00f3nico realiza-se sob a responsabilidade editorial de LOBA.cx.<\/p>\n\n\n\n<p><strong>Direitos de Autor<\/strong><\/p>\n\n\n\n<p>O conte\u00fado presente no s\u00edtio eletr\u00f3nico n\u00e3o proveniente de fontes p\u00fablicas est\u00e1 protegido por direitos de autor e por direitos de propriedade industrial.<\/p>\n\n\n\n<p>Os conte\u00fados do s\u00edtio eletr\u00f3nico n\u00e3o podem ser editados, publicados, divulgados ou reproduzidos por quaisquer meios t\u00e9cnicos. Tamb\u00e9m n\u00e3o podem ser descarregados ou copiados sem que tenha sido concedida, para o efeito, autoriza\u00e7\u00e3o pr\u00e9via, expressa e escrita por parte da entidade propriet\u00e1ria.<\/p>\n\n\n\n<p>A utiliza\u00e7\u00e3o n\u00e3o autorizada dos conte\u00fados \u00e9 considerada il\u00edcita e perseguida criminal, civilmente e disciplinarmente junto dos Tribunais Portugueses.<\/p>\n\n\n\n<p><strong>Suporte T\u00e9cnico<\/strong><\/p>\n\n\n\n<p>Para qualquer tipo de ajuda ou suporte t\u00e9cnico, \u00e9 favor contactar atrav\u00e9s do Telefone (+351) 256 660 900, dispon\u00edvel todos os dias \u00fateis, entre as 9.00 e as 18.00 horas.<\/p>\n\n\n\n<p><strong>Vers\u00e3o da Ficha T\u00e9cnica<\/strong><\/p>\n\n\n\n<p>A Ficha T\u00e9cnica data do dia 16 de setembro de 2021, com a Ref\u00aa: Vers\u00e3o FT\/01.<\/p>\n","protected":false},"excerpt":{"rendered":"<p>Ficha T\u00e9cnica Ficha T\u00e9cnica do S\u00edtio Eletr\u00f3nico&nbsp;www.simoldes.com Ficha T\u00e9cnica: ficha de informa\u00e7\u00e3o sobre os elementos de identifica\u00e7\u00e3o institucional do s\u00edtio eletr\u00f3nico www.simoldes.com, das suas carater\u00edsticas gerais e as formas ou condi\u00e7\u00f5es de utiliza\u00e7\u00e3o. Data de Ativa\u00e7\u00e3o O s\u00edtio eletr\u00f3nico&nbsp;www.simoldes.com&nbsp;foi ativado a 17 de setembro de 2021. Registo do Dom\u00ednio O dom\u00ednio www.simoldes.com est\u00e1 registado pela [&hellip;]<\/p>\n","protected":false},"author":1,"featured_media":0,"parent":23788,"menu_order":5,"comment_status":"closed","ping_status":"closed","template":"","meta":{"_et_pb_use_builder":"off","_et_pb_old_content":"","_et_gb_content_width":"","inline_featured_image":false,"footnotes":""},"categories":[],"tags":[],"class_list":["post-24471","page","type-page","status-publish","hentry"],"_links":{"self":[{"href":"https:\/\/denuncias.pt\/mda\/wp-json\/wp\/v2\/pages\/24471","targetHints":{"allow":["GET"]}}],"collection":[{"href":"https:\/\/denuncias.pt\/mda\/wp-json\/wp\/v2\/pages"}],"about":[{"href":"https:\/\/denuncias.pt\/mda\/wp-json\/wp\/v2\/types\/page"}],"author":[{"embeddable":true,"href":"https:\/\/denuncias.pt\/mda\/wp-json\/wp\/v2\/users\/1"}],"replies":[{"embeddable":true,"href":"https:\/\/denuncias.pt\/mda\/wp-json\/wp\/v2\/comments?post=24471"}],"version-history":[{"count":5,"href":"https:\/\/denuncias.pt\/mda\/wp-json\/wp\/v2\/pages\/24471\/revisions"}],"predecessor-version":[{"id":24514,"href":"https:\/\/denuncias.pt\/mda\/wp-json\/wp\/v2\/pages\/24471\/revisions\/24514"}],"up":[{"embeddable":true,"href":"https:\/\/denuncias.pt\/mda\/wp-json\/wp\/v2\/pages\/23788"}],"wp:attachment":[{"href":"https:\/\/denuncias.pt\/mda\/wp-json\/wp\/v2\/media?parent=24471"}],"wp:term":[{"taxonomy":"category","embeddable":true,"href":"https:\/\/denuncias.pt\/mda\/wp-json\/wp\/v2\/categories?post=24471"},{"taxonomy":"post_tag","embeddable":true,"href":"https:\/\/denuncias.pt\/mda\/wp-json\/wp\/v2\/tags?post=24471"}],"curies":[{"name":"wp","href":"https:\/\/api.w.org\/{rel}","templated":true}]}}

Ficha Técnica

<h2 class="wp-block-heading">Ficha Técnica</h2>



<p><strong>Ficha Técnica do Sítio Eletrónico&nbsp;<a href="https://www.simoldes.com/">www.simoldes.com</a></strong></p>



<p>Ficha Técnica: ficha de informação sobre os elementos de identificação institucional do sítio eletrónico <a href="http://www.simoldes.com">www.simoldes.com</a>, das suas caraterísticas gerais e as formas ou condições de utilização.</p>



<p><strong>Data de Ativação</strong></p>



<p>O sítio eletrónico&nbsp;<a href="https://www.simoldes.com/">www.simoldes.com</a>&nbsp;foi ativado a 17 de setembro de 2021.</p>



<p><strong>Registo do Domínio</strong></p>



<p>O domínio <a href="http://www.simoldes.com">www.simoldes.com</a> está registado pela pessoa coletiva Simoldes Plásticos, SA, com o número de identificação de pessoa coletiva 501 220 267.</p>



<p><strong>Propriedade do Sítio</strong></p>



<p>O sítio eletrónico&nbsp;<a href="https://www.simoldes.com/">www.simoldes.com</a>&nbsp;é também propriedade da Simoldes Plásticos, SA, com o número de identificação de pessoa coletiva 501 220 267.</p>



<p><strong>Identificação Institucional</strong></p>



<p>A pessoa coletiva Simoldes Plásticos, SA, é uma sociedade anónima constituída em Portugal, com sede na Rua Comendador António da Silva Rodrigues, Nº165, Zona Industrial 3720-502 Oliveira de Azeméis, cujo número de identificação fiscal é PT501 220 267.</p>



<p><strong>Contactos Institucionais</strong></p>



<p>A Simoldes possui os seguintes canais de comunicação:<br>– Telefone geral: (+351) 256 661 100;<br>– Correio eletrónico geral:&nbsp;<a href="mailto:mail@simoldes.com">mail@simoldes.com</a>.</p>



<p><strong>Sítio Eletrónico da Simoldes</strong></p>



<p>O sítio eletrónico da Simoldes está acessível em&nbsp;<a href="https://www.simoldes.com/">www.simoldes.com</a>.</p>



<p><strong>Contacto do Encarregado da Proteção de Dados</strong></p>



<p>O Encarregado da Proteção de Dados da proprietária do sítio eletrónico pode ser contactado através do endereço de correio eletrónico&nbsp;<a href="mailto:protecaodedados@simoldes.com">protecaodedados@simoldes.com</a>.</p>



<p><strong>Contacto do Responsável pela Segurança</strong></p>



<p>O Responsável pela Segurança da proprietária do sítio eletrónico pode ser contactado através do endereço de correio eletrónico&nbsp;<a href="mailto:protecaodedados@simoldes.com">protecaodedados@simoldes.com</a>.</p>



<p><strong>Contacto do Administrador de Sistemas</strong></p>



<p>O Administrador de Sistemas da proprietária do sítio eletrónico pode ser contactado através do endereço de correio eletrónico&nbsp;<a href="mailto:protecaodedados@simoldes.com">protecaodedados@simoldes.com</a>.</p>



<p><strong>Política de Proteção de Dados</strong></p>



<p>A Política de Proteção de Dados está acessível&nbsp;<a href="https://simoldes.com/tools/politica-de-privacidade/">aqui</a>.</p>



<p><strong>Responsabilidade Editorial pelos Conteúdos</strong></p>



<p>O desenvolvimento dos conteúdos das páginas publicadas no sítio eletrónico realiza-se sob a responsabilidade editorial de LOBA.cx.</p>



<p><strong>Direitos de Autor</strong></p>



<p>O conteúdo presente no sítio eletrónico não proveniente de fontes públicas está protegido por direitos de autor e por direitos de propriedade industrial.</p>



<p>Os conteúdos do sítio eletrónico não podem ser editados, publicados, divulgados ou reproduzidos por quaisquer meios técnicos. Também não podem ser descarregados ou copiados sem que tenha sido concedida, para o efeito, autorização prévia, expressa e escrita por parte da entidade proprietária.</p>



<p>A utilização não autorizada dos conteúdos é considerada ilícita e perseguida criminal, civilmente e disciplinarmente junto dos Tribunais Portugueses.</p>



<p><strong>Suporte Técnico</strong></p>



<p>Para qualquer tipo de ajuda ou suporte técnico, é favor contactar através do Telefone (+351) 256 660 900, disponível todos os dias úteis, entre as 9.00 e as 18.00 horas.</p>



<p><strong>Versão da Ficha Técnica</strong></p>



<p>A Ficha Técnica data do dia 16 de setembro de 2021, com a Refª: Versão FT/01.</p>

<p>Ficha Técnica Ficha Técnica do Sítio Eletrónico&nbsp;www.simoldes.com Ficha Técnica: ficha de informação sobre os elementos de identificação institucional do sítio eletrónico www.simoldes.com, das suas caraterísticas gerais e as formas ou condições de utilização. Data de Ativação O sítio eletrónico&nbsp;www.simoldes.com&nbsp;foi ativado a 17 de setembro de 2021. Registo do Domínio O domínio www.simoldes.com está registado pela [&hellip;]</p>
