{"id":24471,"date":"2023-10-09T15:25:06","date_gmt":"2023-10-09T15:25:06","guid":{"rendered":"https:\/\/denuncias.pt\/audiqcer\/?page_id=24471"},"modified":"2024-11-25T17:23:28","modified_gmt":"2024-11-25T17:23:28","slug":"ficha-tecnica","status":"publish","type":"page","link":"https:\/\/denuncias.pt\/ccambombarral\/ficha-tecnica\/","title":{"rendered":"Ficha T\u00e9cnica"},"content":{"rendered":"\n<h2 class=\"wp-block-heading\">Ficha T\u00e9cnica<\/h2>\n\n\n\n<p>Ficha de informa\u00e7\u00e3o sobre os elementos de identifica\u00e7\u00e3o institucional do s\u00edtio eletr\u00f3nico&nbsp;<a href=\"https:\/\/denuncias.pt\/ccambombarral\/\">https:\/\/denuncias.pt\/ccambombarral\/<\/a>, das suas carater\u00edsticas gerais e as formas ou condi\u00e7\u00f5es de utiliza\u00e7\u00e3o.<\/p>\n\n\n\n<p>Data de Ativa\u00e7\u00e3o<\/p>\n\n\n\n<p>O s\u00edtio eletr\u00f3nico&nbsp;<a href=\"https:\/\/denuncias.pt\/ccambombarral\/\">https:\/\/denuncias.pt\/ccambombarral\/<\/a> foi ativado em 9 de julho de 2023.<\/p>\n\n\n\n<p>Propriedade do S\u00edtio<\/p>\n\n\n\n<p>O s\u00edtio eletr\u00f3nico&nbsp;<a href=\"https:\/\/denuncias.pt\/ccambombarral\/\">https:\/\/denuncias.pt\/ccambombarral\/<\/a> \u00e9 propriedade da pessoa coletiva Caixa de Cr\u00e9dito Agr\u00edcola M\u00fatuo de Bombarral, CRL., com o n\u00famero de identifica\u00e7\u00e3o de pessoa coletiva 500987602.<\/p>\n\n\n\n<p>Identifica\u00e7\u00e3o Institucional<\/p>\n\n\n\n<p>A pessoa coletiva Caixa de Cr\u00e9dito Agr\u00edcola M\u00fatuo de Bombarral, CRL., \u00e9 uma sociedade Sociedades de responsabilidade limitada, constitu\u00edda em Portugal, com sede em Rua do Com\u00e9rcio n\u00ba 58, 2540-076 Bombarral, Portugal, cujo n\u00famero de identifica\u00e7\u00e3o fiscal \u00e9 500987602.<\/p>\n\n\n\n<p>Contactos Institucionais<\/p>\n\n\n\n<p>A Caixa de Cr\u00e9dito Agr\u00edcola M\u00fatuo de Bombarral, CRL., pode ser contactada atrav\u00e9s dos seguintes canais de comunica\u00e7\u00e3o:<\/p>\n\n\n\n<p>\u2013 Telefone geral: <a href=\"tel:(+351)262604222\">(+351) 262 604&nbsp;222<\/a>;<\/p>\n\n\n\n<p>\u2013 Telefax geral: (+351) 262 604 232;<\/p>\n\n\n\n<p>\u2013 Correio eletr\u00f3nico geral:&nbsp;<a href=\"mailto:sede@ccambombarral.pt\">sede@ccambombarral.pt<\/a>.<\/p>\n\n\n\n<p>Contacto do Encarregado da Prote\u00e7\u00e3o de Dados<\/p>\n\n\n\n<p>O Encarregado da Prote\u00e7\u00e3o de Dados da propriet\u00e1ria do s\u00edtio eletr\u00f3nico pode ser contactado atrav\u00e9s do endere\u00e7o de correio eletr\u00f3nico&nbsp;<a href=\"mailto:protecaodedados@ccambombarral.pt\">protecaodedados@ccambombarral.pt<\/a>.<\/p>\n\n\n\n<p>Contacto do Respons\u00e1vel pela Seguran\u00e7a<\/p>\n\n\n\n<p>O Respons\u00e1vel pela Seguran\u00e7a da propriet\u00e1ria do s\u00edtio eletr\u00f3nico pode ser contactado atrav\u00e9s do endere\u00e7o de correio eletr\u00f3nico&nbsp;[E-mail Respons\u00e1vel de Seguran\u00e7a].<\/p>\n\n\n\n<p>Contacto do Administrador de Sistemas<\/p>\n\n\n\n<p>O Administrador de Sistemas da propriet\u00e1ria do s\u00edtio eletr\u00f3nico pode ser contactado atrav\u00e9s do endere\u00e7o de correio eletr\u00f3nico [E-mail Administrador de Sistemas].<\/p>\n","protected":false},"excerpt":{"rendered":"<p>Ficha T\u00e9cnica Ficha de informa\u00e7\u00e3o sobre os elementos de identifica\u00e7\u00e3o institucional do s\u00edtio eletr\u00f3nico&nbsp;https:\/\/denuncias.pt\/ccambombarral\/, das suas carater\u00edsticas gerais e as formas ou condi\u00e7\u00f5es de utiliza\u00e7\u00e3o. Data de Ativa\u00e7\u00e3o O s\u00edtio eletr\u00f3nico&nbsp;https:\/\/denuncias.pt\/ccambombarral\/ foi ativado em 9 de julho de 2023. Propriedade do S\u00edtio O s\u00edtio eletr\u00f3nico&nbsp;https:\/\/denuncias.pt\/ccambombarral\/ \u00e9 propriedade da pessoa coletiva Caixa de Cr\u00e9dito Agr\u00edcola M\u00fatuo [&hellip;]<\/p>\n","protected":false},"author":1,"featured_media":0,"parent":0,"menu_order":0,"comment_status":"closed","ping_status":"closed","template":"","meta":{"_et_pb_use_builder":"off","_et_pb_old_content":"","_et_gb_content_width":"","inline_featured_image":false,"footnotes":""},"categories":[],"tags":[],"class_list":["post-24471","page","type-page","status-publish","hentry"],"_links":{"self":[{"href":"https:\/\/denuncias.pt\/ccambombarral\/wp-json\/wp\/v2\/pages\/24471","targetHints":{"allow":["GET"]}}],"collection":[{"href":"https:\/\/denuncias.pt\/ccambombarral\/wp-json\/wp\/v2\/pages"}],"about":[{"href":"https:\/\/denuncias.pt\/ccambombarral\/wp-json\/wp\/v2\/types\/page"}],"author":[{"embeddable":true,"href":"https:\/\/denuncias.pt\/ccambombarral\/wp-json\/wp\/v2\/users\/1"}],"replies":[{"embeddable":true,"href":"https:\/\/denuncias.pt\/ccambombarral\/wp-json\/wp\/v2\/comments?post=24471"}],"version-history":[{"count":2,"href":"https:\/\/denuncias.pt\/ccambombarral\/wp-json\/wp\/v2\/pages\/24471\/revisions"}],"predecessor-version":[{"id":24577,"href":"https:\/\/denuncias.pt\/ccambombarral\/wp-json\/wp\/v2\/pages\/24471\/revisions\/24577"}],"wp:attachment":[{"href":"https:\/\/denuncias.pt\/ccambombarral\/wp-json\/wp\/v2\/media?parent=24471"}],"wp:term":[{"taxonomy":"category","embeddable":true,"href":"https:\/\/denuncias.pt\/ccambombarral\/wp-json\/wp\/v2\/categories?post=24471"},{"taxonomy":"post_tag","embeddable":true,"href":"https:\/\/denuncias.pt\/ccambombarral\/wp-json\/wp\/v2\/tags?post=24471"}],"curies":[{"name":"wp","href":"https:\/\/api.w.org\/{rel}","templated":true}]}}